?
1
Suppose 4*h - 5*h + 1 = 0. Let b be (2/(-4))/(h/(-4)). Suppose n + b*q - 3 = 0, n - 4*q - 1 - 8 = 0. What is the units digit of n?
5
Let r(p) = -p**2 - 12*p - 4. Suppose 0*s + 3*z = -3*s - 9, 0 = z - 4. What is the tens digit of r(s)?
3
Let i(w) = -w**3 - 7*w**2 + 2*w + 11. What is the units digit of i(-9)?
5
Let w be (-78)/(-30) + 2/5. Suppose -2*b - 6 = -w*k, -4*k + 1 = -3*b - 7. What is the units digit of k?
2
Suppose 0 = 5*m - 20, 0 = -3*u + m - 0 + 26. Suppose -u*x + 9*x + 18 = 0. What is the units digit of x?
8
Let g = 1 - -1. Let l be (-8)/g*(-45)/20. Suppose -l = 5*a - 34. What is the units digit of a?
5
What is the units digit of (79 - (3 + -4)) + 1?
1
Let t be (2 - 3)/((-2)/22). Suppose -u + t + 19 = 0. What is the units digit of u?
0
Suppose -4*k = 4*v - 160, 4*k + v + 108 = 277. What is the tens digit of k?
4
Let o(j) be the second derivative of 3*j**5/20 - j**4/3 + j**3/2 - j**2 - 4*j. What is the units digit of o(2)?
2
Let q(o) = 2*o**3 - 6*o**2 + 10*o - 26. What is the hundreds digit of q(6)?
2
Let r(y) = 7*y**2 - y + 1. Let d be r(-2). Let h = 66 - d. What is the units digit of h?
5
Suppose -22 = -4*d - 10. Suppose 79 = d*w - 2*a, -4*w + 2*a + 56 = -52. What is the tens digit of w?
2
Suppose 2*o - 11 = -3*l, 5*o - 18 = 2*l - 0*l. Suppose -5*j + 19 - o = 0. What is the units digit of j?
3
Let q(r) be the third derivative of r**5/60 + r**3/3 + 4*r**2. What is the units digit of q(-3)?
1
Suppose -2*p + 42 = -0*p. Let u = p + -15. What is the units digit of u?
6
Suppose -2*v + m - 2*m = -701, v - 323 = 5*m. What is the hundreds digit of v?
3
Let v(g) = -g**2 - 11*g - 6. Let h be v(-10). Suppose 75 = h*u + u + 5*d, -5*d + 43 = 3*u. What is the tens digit of u?
1
Suppose 0 = 4*t - 3*r - 13, r - 14 = -3*t - r. Suppose t*f = -o + 17, -5*o + 5*f = -5 - 5. Let m(c) = c**2 - 3*c + 5. What is the units digit of m(o)?
5
Suppose -4*l - 23 = -3*c - 2*c, -8 = 4*l. Suppose 0 = j + 3*j - 3*g - 18, -2*g = -c*j + 13. Suppose 7 = -j*h + 37. What is the units digit of h?
0
Suppose 3*p - f - 142 = 0, p - 4*f - 9 = 42. What is the tens digit of p?
4
Let n = -1 - 2. Let r = -1 - n. Suppose -37 = -5*w + 2*g + r*g, 0 = -w - 4*g - 7. What is the units digit of w?
5
Suppose 2*i - 22 = -4*u + 20, 5*u - 5*i - 30 = 0. What is the units digit of u?
9
Let d = -177 + 363. What is the units digit of d/10 + 18/45?
9
Suppose -5*i + 4*h = -299, 49 - 169 = -2*i + 2*h. Let k = i - 33. What is the units digit of k?
6
Let j(u) = -18*u - 2. What is the units digit of j(-2)?
4
Let f(b) = -b**3 - b**2 - b. Let g(q) = 3*q**3 + 4*q**2 + 2*q - 3. Let l(t) = -2*f(t) - g(t). What is the tens digit of l(-3)?
1
What is the units digit of (-280)/(-6) - -4*3/(-18)?
6
Suppose 3*j - 3 - 3 = 0. What is the units digit of j?
2
Suppose 0 = -4*a + 4*f + 12, -3*a + 3*f = a - 12. Let w(m) = -m**2 + 7*m - 4. What is the units digit of w(a)?
8
Suppose 5*k = 2*j - 41, -2*k = -2*j + 8 + 36. Suppose 0 = -2*c + 1 + j. What is the units digit of c?
2
Suppose b + b = 0. Let w(d) = -d**2 + d + 34. Let n be w(b). Suppose -3*g + n = -j - 2, -g + j + 14 = 0. What is the tens digit of g?
1
Let f(u) = 50*u - 1. Let q be f(2). Let w = q + -51. Suppose -4*y + w = -28. What is the tens digit of y?
1
Let z be 2/(-10) - (-4)/20. Suppose z = -5*s + 3*s + 48. What is the tens digit of s?
2
What is the tens digit of (0 + 4/(-6))*(-210)/4?
3
Let p(n) = n**3 - 6*n**2 + 7*n - 5. Let o be p(5). Suppose -2*a = a. Suppose a = o*v - 25. What is the units digit of v?
5
Suppose -2*x - 22 + 106 = 0. What is the tens digit of x?
4
Let x be (-1 - 1) + (-2)/2. Let c be (-1 - (-2 - x))*-1. Suppose 6 = 3*v - c*v. What is the units digit of v?
6
Suppose 0 = 15*m - 21*m + 1176. What is the units digit of m?
6
Let n = 20 + -36. Let a = -4 - n. What is the tens digit of a?
1
Let n be (-2)/(2/6*-2). What is the units digit of (3/n + -2)*-1?
1
Let h(q) = 31*q**3 - 2*q**2 + 2*q - 1. What is the units digit of h(1)?
0
Let s = -4 + 9. Suppose 0 = s*y - 6 - 24. What is the units digit of y?
6
Suppose s - 36 = 50. What is the units digit of s?
6
Let s = -171 + 263. What is the tens digit of s?
9
Suppose 174 = b + 3*b + 2*w, -b - w + 42 = 0. What is the tens digit of b?
4
Let x(l) be the first derivative of -l**4/4 + 10*l**3/3 + 3*l**2/2 + 2*l + 1. What is the tens digit of x(10)?
3
Suppose -4*n = a - 37, n = -4*n + a + 44. Suppose -n = u - 44. What is the tens digit of u?
3
Let x(c) = -c**2 - 5*c - 3. Suppose 5*z = -9 - 6. What is the units digit of x(z)?
3
Suppose 5*k = 197 + 138. What is the tens digit of k?
6
Let o(n) = 32*n**3 + n**2. Let k be o(1). Suppose -d - k = 63. What is the tens digit of (-4)/6 + d/(-9)?
1
Let w be 48/28 - 2/(-7). Let p = w + -2. Suppose 2*k + p*k - 30 = 0. What is the units digit of k?
5
What is the units digit of (-27)/(-45) - 234/(-10)?
4
Let z = 0 - -1. Let r = z - 4. Let g(i) = i**3 + 3*i**2 - i + 2. What is the units digit of g(r)?
5
Let j = 4 - 2. Let u(q) = q**2 + 5*q - 3. Let i be u(-6). Suppose j = -i*h + 44. What is the units digit of h?
4
Suppose 4*o - 2*f + 92 = 0, -5*o - 116 = -0*o - 2*f. What is the tens digit of (o/16)/((-1)/26)?
3
Suppose 45*r - 293 = 44*r. What is the hundreds digit of r?
2
Let l = -11 + 19. What is the units digit of (-2)/(-2 - l/(-6))?
3
Suppose -3*s + 8*s - 15 = -o, s - 45 = 4*o. Let r(q) = q**2 + 6*q + 2. Let z be r(-5). Let v = z - o. What is the units digit of v?
7
Let u(y) = -32*y + 3. Let d be u(-6). Suppose 0 = -2*m + s + 78, 5*m + s - d = -s. What is the units digit of m?
9
Suppose -3*a - 40 = -8*a. Suppose 2*k + 5*q + 20 = 0, -q - a = k + q. Suppose -w - 3*w + i + 13 = k, -i = 5. What is the units digit of w?
2
Let b = 3 + 1. Let m be (-16)/b - (1 - 4). Let p(c) = 6*c**2. What is the units digit of p(m)?
6
Let q(z) be the first derivative of -z**4/4 + 4*z**3/3 + 2*z + 4. What is the units digit of q(3)?
1
What is the tens digit of 1/1*(47 + 7) + -1?
5
Let b(f) = -f**3 + 5*f**2 - 4*f + 4. Let c be b(4). Suppose 3*r - c*n - 15 = -n, 0 = -4*n + 8. What is the units digit of r?
7
Let x = -1 + 1. Let t(m) = -m**3 + m**2 + 2*m + 4. What is the units digit of t(x)?
4
Let b be (-5)/((-10)/12) + 2. Let z = -12 + b. Let x = 5 - z. What is the units digit of x?
9
Let s(p) = -5*p - 28. What is the tens digit of s(-14)?
4
Suppose -5*h + 0*d + 5*d + 25 = 0, 0 = -5*h - 4*d + 16. Let n(x) = x - 5. Let u(s) = -2*s + 7. Let a(t) = -7*n(t) - 5*u(t). What is the units digit of a(h)?
2
Let a(s) = -s**2 - 14*s + 13. What is the units digit of a(-7)?
2
Suppose z - 2*p - 22 = -0*p, z - 14 = -2*p. What is the units digit of z?
8
Suppose -11 - 49 = -5*x - 5*u, 0 = 4*x - u - 63. What is the tens digit of x?
1
What is the tens digit of (2 + 0)*58*(-18)/(-12)?
7
Let m(s) = -s**3 - 10*s**2 - 3*s - 15. What is the units digit of m(-10)?
5
What is the units digit of (-4)/((-4)/(-4)) - -8?
4
Let v = 191 - -117. What is the units digit of v?
8
Suppose -5*m + 8 = -c, 4*c - 27 = 2*m + 13. Suppose c = -0*a + 3*a. Suppose a*p + n = 45, -n = -p - 2*p + 25. What is the units digit of p?
0
Let w be (-3 - -1) + (-20)/(-5). Suppose 61 = 2*a + n, 3*a + w*n = 5*a - 46. What is the tens digit of a?
2
Let r be 8/(-20) - (-126)/(-10). Let k = 56 - 34. Let s = r + k. What is the units digit of s?
9
Let c(d) = d**3 - d**2 - 2*d - 3. What is the units digit of c(3)?
9
Suppose -11*h + 596 = -7*h. What is the tens digit of h?
4
Let k(q) = q**3 - 6*q**2 - 8*q. Let m be k(7). Let o = 10 + m. What is the units digit of 0/o + 2/1?
2
Suppose 2*u = u - 2*b + 14, b = -5*u + 25. Suppose -143 = -4*x - x + m, -u*m - 12 = 0. What is the units digit of x?
8
Let u be 2/(-10) + (-252)/(-10). Let y be (-2)/13 - (-965)/(-65). Let t = y + u. What is the units digit of t?
0
Let h(l) = 17*l**2 + l - 1. Let a be h(2). Let k = -19 + a. Suppose 2*u = 7*u - k. What is the tens digit of u?
1
Let s(x) = x**3 - 2*x**2 - x + 225. What is the hundreds digit of s(0)?
2
Let q(w) = w**2 + w - 3. What is the units digit of q(3)?
9
Let q(l) = 8*l**3 + 4*l**2 - l + 1 + 4*l**3 - 3*l**2. Let p = 6 - 5. What is the tens digit of q(p)?
1
Let d be 29*((-4)/(-2) - 1). Let h = d - 1. Suppose -u + 5*u = h. What is the units digit of u?
7
Suppose 2*o - 7 - 21 = 0. Let p = o + -8. What is the units digit of p?
6
Suppose 113 = i - 13. What is the uni